s digit of 7352?
2
What is the thousands digit of 13255?
3
What is the units digit of 10466?
6
What is the tens digit of 6953?
5
What is the tens digit of 9009?
0
What is the thousands digit of 108692?
8
What is the tens digit of 320?
2
What is the tens digit of 1222?
2
What is the tens digit of 722?
2
What is the units digit of 13543?
3
What is the units digit of 3431?
1
What is the tens digit of 10378?
7
What is the hundreds digit of 100639?
6
What is the hundreds digit of 1674?
6
What is the units digit of 1097?
7
What is the hundreds digit of 22541?
5
What is the tens digit of 4189?
8
What is the thousands digit of 1975?
1
What is the ten thousands digit of 32216?
3
What is the hundreds digit of 1788?
7
What is the units digit of 31?
1
What is the units digit of 2314?
4
What is the tens digit of 5419?
1
What is the units digit of 448?
8
What is the thousands digit of 17928?
7
What is the thousands digit of 15447?
5
What is the tens digit of 792?
9
What is the thousands digit of 27294?
7
What is the units digit of 30022?
2
What is the thousands digit of 17202?
7
What is the units digit of 33709?
9
What is the hundreds digit of 3622?
6
What is the hundreds digit of 3981?
9
What is the units digit of 42100?
0
What is the hundreds digit of 1602?
6
What is the thousands digit of 2799?
2
What is the tens digit of 2811?
1
What is the tens digit of 1726?
2
What is the tens digit of 828?
2
What is the units digit of 2400?
0
What is the hundreds digit of 1759?
7
What is the tens digit of 686?
8
What is the tens digit of 420?
2
What is the thousands digit of 2370?
2
What is the thousands digit of 63532?
3
What is the units digit of 1338?
8
What is the tens digit of 1857?
5
What is the tens digit of 191?
9
What is the units digit of 12241?
1
What is the ten thousands digit of 13203?
1
What is the units digit of 2729?
9
What is the ten thousands digit of 19778?
1
What is the thousands digit of 2020?
2
What is the tens digit of 4658?
5
What is the hundreds digit of 924?
9
What is the tens digit of 27984?
8
What is the tens digit of 69?
6
What is the ten thousands digit of 76900?
7
What is the thousands digit of 5004?
5
What is the thousands digit of 1204?
1
What is the hundreds digit of 283?
2
What is the units digit of 4193?
3
What is the hundreds digit of 3537?
5
What is the hundreds digit of 952?
9
What is the tens digit of 392?
9
What is the tens digit of 5600?
0
What is the units digit of 17348?
8
What is the thousands digit of 14623?
4
What is the thousands digit of 1009?
1
What is the units digit of 2888?
8
What is the hundreds digit of 108?
1
What is the tens digit of 7741?
4
What is the hundreds digit of 2299?
2
What is the units digit of 979?
9
What is the tens digit of 9578?
7
What is the tens digit of 814?
1
What is the thousands digit of 2640?
2
What is the tens digit of 56703?
0
What is the units digit of 5315?
5
What is the units digit of 5329?
9
What is the hundreds digit of 18272?
2
What is the tens digit of 1258?
5
What is the units digit of 25324?
4
What is the ten thousands digit of 18302?
1
What is the thousands digit of 1252?
1
What is the units digit of 4175?
5
What is the units digit of 93759?
9
What is the tens digit of 6880?
8
What is the tens digit of 15037?
3
What is the hundreds digit of 641?
6
What is the tens digit of 7982?
8
What is the units digit of 300?
0
What is the thousands digit of 2253?
2
What is the tens digit of 7515?
1
What is the ten thousands digit of 24478?
2
What is the units digit of 14497?
7
What is the units digit of 3689?
9
What is the hundreds digit of 1234?
2
What is the thousands digit of 10020?
0
What is the hundreds digit of 522?
5
What is the units digit of 1008?
8
What is the units digit of 13811?
1
What is the tens digit of 5578?
7
What is the ten thousands digit of 108481?
0
What is the hundreds digit of 169?
1
What is the hundreds digit of 2907?
9
What is the tens digit of 6648?
4
What is the thousands digit of 15723?
5
What is the hundreds digit of 43638?
6
What is the tens digit of 10793?
9
What is the tens digit of 8518?
1
What is the hundreds digit of 1714?
7
What is the ten thousands digit of 57383?
5
What is the units digit of 101?
1
What is the hundreds digit of 7571?
5
What is the tens digit of 2078?
7
What is the thousands digit of 5319?
5
What is the tens digit of 960?
6
What is the tens digit of 1785?
8
What is the thousands digit of 17755?
7
What is the tens digit of 25306?
0
What is the units digit of 3174?
4
What is the thousands digit of 99922?
9
What is the hundreds digit of 341?
3
What is the tens digit of 30851?
5
What is the thousands digit of 4590?
4
What is the units digit of 1082?
2
What is the units digit of 54313?
3
What is the ten thousands digit of 29461?
2
What is the thousands digit of 17503?
7
What is the tens digit of 692?
9
What is the thousands digit of 2115?
2
What is the units digit of 6907?
7
What is the units digit of 91514?
4
What is the hundreds digit of 1123?
1
What is the units digit of 5306?
6
What is the thousands digit of 12740?
2
What is the thousands digit of 1183?
1
What is the hundreds digit of 18456?
4
What is the tens digit of 616?
1
What is the units digit of 3405?
5
What is the thousands digit of 8538?
8
What is the hundreds digit of 832?
8
What is the units digit of 252?
2
What is the ten thousands digit of 12030?
1
What is the hundreds digit of 4920?
9
What is the thousands digit of 1319?
1
What is the units digit of 1998?
8
What is the units digit of 46440?
0
What is the tens digit of 1046?
4
What is the tens digit of 15154?
5
What is the units digit of 56031?
1
What is the thousands digit of 6169?
6
What is the thousands digit of 4849?
4
What is the tens digit of 14473?
7
What is the tens digit of 1194?
9
What is the units digit of 17894?
4
What is the tens digit of 491?
9
What is the units digit of 608?
8
What is the units digit of 157?
7
What is the units digit of 9176?
6
What is the units digit of 2087?
7
What is the hundreds digit of 67104?
1
What is the units digit of 872?
2
What is the units digit of 2387?
7
What is the units digit of 1655?
5
What is the tens digit of 1438?
3
What is the hundreds digit of 46824?
8
What is the ten thousands digit of 13935?
1
What is the thousands digit of 5709?
5
What is the units digit of 9206?
6
What is the tens digit of 4203?
0
What is the hundreds digit of 2815?
8
What is the tens digit of 327?
2
What is the tens digit of 806?
0
What is the thousands digit of 7065?
7
What is the units digit of 58199?
9
What is the hundreds digit of 681?
6
What is the units digit of 361?
1
What is the tens digit of 1716?
1
What is the thousands digit of 1925?
1
What is the units digit of 135?
5
What is the ten thousands digit of 38972?
3
What is the hundreds digit of 1794?
7
What is the units digit of 6477?
7
What is the units digit of 451?
1
What is the hundreds digit of 566?
5
What is the hundreds digit of 7903?
9
What is the units digit of 16883?
3
What is the hundreds digit of 518?
5
What is the tens digit of 4906?
0
What is the units digit of 792?
2
What is the ten thousands digit of 55143?
5
What is the tens digit of 27962?
6
What is the units digit of 9461?
1
What is the tens digit of 163318?
1
What is the tens digit of 111?
1
What is the hundreds digit of 1175?
1
What is the units digit of 81096?
6
What is the units digit of 3881?
1
What is the hundreds digit of 31534?
5
What is the thousands digit of 3303?
3
What is the tens digit of 58229?
2
What is the units digit of 3130?
0
What is the units digit of 868?
8
What is the thousands digit of 3411?
3
What is the units digit of 52784?
4
What is the units digit of 207?
7
What is the units digit of 1287?
7
What is the units digit of 1390?
0
What is the thousands digit of 3654?
3
What is the tens digit of 5605?
0
What is the tens digit of 331?
3
What is the tens digit of 2680?
8
What is the units digit of 189?
9
What is the hundreds digit of 10160?
1
What is the tens digit of 13310?
1
What is the ten thousands digit of 10788?
1
What is the tens digit of 54013?
1
What is the thousands digit of 3287?
3
What is the tens digit of 584?
8
What is the tens digit of 1017?
1
What is the tens digit of 656?
5
What is the units digit of 589?
9
What is the tens digit of